n base 8?
2151
12137 (base 8) to base 9
7134
-42 (base 6) to base 14
-1c
What is -200157 (base 8) in base 14?
-19cd1
Convert -11 (base 7) to base 8.
-10
1dde (base 15) to base 4
1211231
Convert -17425 (base 8) to base 3.
-101220201
Convert 1179 (base 10) to base 2.
10010011011
1b01 (base 12) to base 5
101223
What is -28 (base 14) in base 15?
-26
-598d (base 14) to base 4
-3303321
-1600 (base 7) to base 14
-337
-203542 (base 7) to base 4
-20201212
Convert -4814 (base 16) to base 12.
-a818
What is -165 (base 10) in base 5?
-1130
65158 (base 9) to base 8
124211
Convert 2051 (base 9) to base 11.
1148
Convert -111001010010110 (base 2) to base 4.
-13022112
133323 (base 4) to base 10
2043
What is -10203312 (base 4) in base 3?
-221121210
-153 (base 10) to base 2
-10011001
Convert 1100103 (base 4) to base 3.
21001100
Convert 11112 (base 4) to base 5.
2332
Convert -202220021 (base 3) to base 2.
-11101110000011
Convert d4 (base 16) to base 13.
134
What is 26220 (base 10) in base 14?
97ac
Convert -3523 (base 6) to base 16.
-34b
Convert 11122 (base 6) to base 7.
4361
3412 (base 5) to base 16
1e2
-1674 (base 11) to base 7
-6143
Convert -1a7 (base 12) to base 5.
-2041
What is 1100110010110100 (base 2) in base 11?
36410
7987 (base 12) to base 14
4cbd
What is -943 (base 10) in base 16?
-3af
Convert 77 (base 12) to base 11.
83
What is -240 (base 16) in base 15?
-286
What is -565 (base 13) in base 11?
-774
-3223 (base 6) to base 16
-2df
Convert 44316 (base 7) to base 16.
2b80
What is -4223 (base 5) in base 4?
-20303
Convert -100001 (base 3) to base 14.
-136
Convert -10022011 (base 3) to base 7.
-10006
What is 66a (base 14) in base 7?
3463
What is 2390 (base 11) in base 15?
dd4
Convert 1003101 (base 4) to base 3.
12220110
What is 1211 (base 14) in base 8?
6117
Convert -bed2 (base 15) to base 2.
-1001111000011000
1025 (base 8) to base 5
4113
What is 40b6 (base 13) in base 7?
35025
Convert 1883 (base 10) to base 9.
2522
8a26 (base 12) to base 10
15294
Convert -17d12 (base 14) to base 12.
-2a9b8
aea9 (base 15) to base 11
25930
Convert 31577 (base 9) to base 8.
50627
5416 (base 7) to base 15
884
-161 (base 7) to base 4
-1130
-2579 (base 10) to base 16
-a13
8296 (base 10) to base 11
6262
What is 21542 (base 9) in base 4?
3133112
Convert 130 (base 5) to base 4.
220
3066 (base 13) to base 2
1101000010011
Convert 5133 (base 13) to base 8.
25674
-10100011100111 (base 2) to base 16
-28e7
What is 62020 (base 9) in base 12?
1b776
What is 100100001000010 (base 2) in base 14?
6a54
What is -32310 (base 4) in base 11?
-792
Convert 11917 (base 14) to base 7.
236130
-15386 (base 9) to base 16
-291f
Convert -4e5a (base 15) to base 10.
-16735
Convert -1031 (base 5) to base 9.
-166
-3b7d (base 15) to base 2
-11000110101110
What is 14561 (base 13) in base 10?
38273
-2003123 (base 5) to base 4
-13232233
13222 (base 5) to base 4
100212
What is 1110101000 (base 2) in base 7?
2505
Convert -538 (base 13) to base 11.
-741
Convert 1061 (base 7) to base 13.
239
Convert -b4b (base 12) to base 7.
-4535
Convert 1110001000 (base 2) to base 4.
32020
3881 (base 11) to base 9
6831
What is 51 (base 12) in base 2?
111101
Convert -1704 (base 12) to base 4.
-222310
Convert 10001011110 (base 2) to base 4.
101132
What is 2907 (base 12) in base 11?
3637
Convert -187 (base 10) to base 9.
-227
Convert 202112220 (base 3) to base 8.
35206
Convert -1364 (base 10) to base 4.
-111110
10000000110011 (base 2) to base 7
33014
-2ce (base 16) to base 13
-433
What is -29d (base 14) in base 2?
-1000010011
Convert 9d (base 16) to base 13.
c1
Convert 754 (base 10) to base 11.
626
What is -5e3 (base 15) in base 11?
-1007
214300 (base 5) to base 16
1d1a
-112203 (base 6) to base 9
-14123
What is 11876 (base 15) in base 16?
da67
13030012 (base 4) to base 10
29446
14434 (base 5) to base 7
3425
Convert -89 (base 13) to base 7.
-221
Convert 206e (base 16) to base 10.
8302
What is -801 (base 9) in base 16?
-289
Convert -50212 (base 6) to base 7.
-25061
Convert 65362 (base 7) to base 10.
16312
What is 3413 (base 10) in base 2?
110101010101
Convert 2a582 (base 11) to base 9.
65336
What is 30300 (base 4) in base 14?
424
What is 101001111001101 (base 2) in base 4?
11033031
What is 3231102 (base 4) in base 3?
202211110
What is 1113 (base 7) in base 3?
112220
Convert -bc5 (base 14) to base 16.
-919
Convert 22562 (base 8) to base 6.
112214
Convert 1421 (base 8) to base 3.
1002002
What is 144542 (base 6) in base 5?
422110
What is 332 (base 6) in base 8?
200
Convert 1a40 (base 14) to base 10.
4760
425135 (base 6) to base 14
c9a3
What is b47 (base 12) in base 13?
991
Convert 1531 (base 8) to base 9.
1152
Convert -159a (base 12) to base 9.
-3461
16647 (base 9) to base 12
6774
Convert 1101100011111 (base 2) to base 6.
52051
What is 72303 (base 9) in base 8?
135017
Convert 2639 (base 10) to base 3.
10121202
16818 (base 9) to base 10
11600
What is 600 (base 10) in base 5?
4400
Convert -11100000111 (base 2) to base 9.
-2418
What is -415 (base 10) in base 14?
-219
-3731 (base 14) to base 2
-10010110101111
What is 110305 (base 8) in base 7?
213023
Convert 13166 (base 9) to base 2.
10001010111001
342234 (base 5) to base 9
17648
Convert -350 (base 9) to base 15.
-143
Convert -101220210 (base 3) to base 16.
-1f17
Convert -2423 (base 9) to base 13.
-a89
What is 1b (base 14) in base 7?
34
What is 1140 (base 5) in base 10?
170
Convert 2cad (base 15) to base 14.
3709
What is 341421 (base 5) in base 7?
50211
Convert 424 (base 7) to base 2.
11010110
Convert b16 (base 15) to base 9.
3373
Convert 82 (base 11) to base 12.
76
391 (base 15) to base 5
11221
What is -432115 (base 6) in base 9?
-53582
Convert 1111100001101 (base 2) to base 6.
100445
What is -12354 (base 7) in base 3?
-11111020
Convert -16 (base 15) to base 9.
-23
-112646 (base 7) to base 6
-233342
What is 542 (base 14) in base 15?
493
What is 65304 (base 7) in base 12?
9500
Convert -10440 (base 7) to base 3.
-10121020
What is -155 (base 15) in base 13?
-1a6
What is 4bb (base 15) in base 11?
899
Convert -16a (base 11) to base 9.
-238
-21f2 (base 16) to base 13
-3c56
What is 1474 (base 8) in base 3?
1010200
Convert -12c1 (base 15) to base 16.
-fa6
What is 124310 (base 5) in base 8?
11533
What is 110021 (base 3) in base 2?
101001011
2b8b (base 12) to base 5
131042
1653 (base 9) to base 16
4ef
Convert -13011 (base 6) to base 16.
-79f
-10112332 (base 4) to base 3
-220111021
-1bb4 (base 16) to base 13
-32c7
420 (base 12) to base 10
600
What is 113564 (base 7) in base 3?
1001011022
-12233212 (base 4) to base 13
-c75a
169 (base 11) to base 13
121
110010010 (base 2) to base 5
3102
What is -327 (base 13) in base 15?
-260
111121022 (base 3) to base 14
3885
What is -203 (base 16) in base 7?
-1334
What is -3103 (base 7) in base 13?
-652
-33440 (base 5) to base 13
-1104
What is -15a (base 15) in base 10?
-310
-3c0 (base 13) to base 16
-297
What is 10212210 (base 3) in base 11?
2142
-10010210122 (base 3) to base 16
-f17c
Convert -115745 (base 8) to base 13.
-1521c
Convert 34242 (base 6) to base 3.
20122122
What is -4157 (base 10) in base 5?
-113112
Convert 2111100 (base 3) to base 15.
813
Convert -2091 (base 14) to base 6.
-41555
Convert -150 (base 14) to base 2.
-100001010
Convert 1786 (base 11) to base 6.
14304
1011201 (base 3) to base 8
1530
Convert 32211100 (base 4) to base 12.
2a694
5551 (base 9) to base 13
1b31
Convert 187 (base 14) to base 15.
160
What is 929 (base 13) in base 2?
11000010100
What is 7c27 (base 13) in base 7?
101563
What is 3004444 (base 5) in base 15?
e119
1a14 (base 13) to base 11
2a2a
What is 618 (base 13) in base 14?
53d
Convert 10001001001101 (base 2) to base 13.
3cc6
Convert 2000303 (base 4) to base 7.
33014
What is -100100100111 (base 2) in base 14?
-bd5
125 (base 11) to base 12
104
Convert 1793 (base 15) to base 9.
6873
What is -12420 (base 7) in base 6?
-23133
Convert 33330023 (base 4) to base 11.
45066
Convert -14505 (base 6) to base 16.
-929
Convert 5321 (base 7) to base 11.
1457
What is 13133013 (base 4) in base 13?
10c59
Convert 43501 (base 7) to base 16.
2a7f
Convert -2330 (base 5) to base 12.
-244
What is 8d23 (base 15) in base 4?
13110012
55521 (base 6) to base 4
1321021
Convert -8942 (base 10) to base 13.
-40bb
Convert -41ba (base 12) to base 8.
-16036
Convert 6a (ba